 a be j(-11). What is the highest common divisor of a and 1064?
2
Let p(q) = q**3 + 7*q**2 - 10*q + 4. Let a(d) = 6*d - 2. Let n be a(-1). Let g be p(n). What is the highest common divisor of 40 and g?
20
Suppose 6 = -19*i + 18*i, 3*d + 5*i = 870. What is the greatest common divisor of d and 84?
12
Let i be 9/(-3)*20*57/(-38) - 4. Calculate the greatest common divisor of i and 1548.
86
Let p be -2*(-2 + 9/6)*-386. Let g = 551 + p. Suppose -4*m = -5*c + 27 - 107, -3*c - 27 = -m. Calculate the highest common divisor of m and g.
15
Let z be 21 + 14/((-294)/35) + 2/3. What is the greatest common divisor of 96 and z?
4
Let u = -46 - -38. Let n = 6 - u. Suppose 0 = -h + 2*h - n. What is the highest common divisor of h and 70?
14
Suppose -304 = -19*w + 209. Suppose -2*m = -7*m - 20, 5*b - 4*m - 556 = 0. What is the highest common divisor of w and b?
27
Suppose 148 = 21*q - 566. Suppose -4*j + 2*s + q = 5*s, -24 = -4*j + 2*s. Calculate the highest common divisor of j and 56.
7
Suppose -47*c + 15956 = -33*c - 5996. Suppose -2*u + 4*g + 103 = 3*g, -4*g = 4*u - 176. What is the greatest common divisor of u and c?
49
Let y(t) be the second derivative of 9*t - 24*t**2 + 0 + 3/2*t**3. Let z be y(6). What is the highest common factor of z and 36?
6
Let c = 68 + -12. Let b(m) = 5*m**2 + 1050*m + 16248. Let t be b(-16). Calculate the highest common factor of t and c.
56
Suppose -4*i + 168 = 4*n, 3*n - 130 = 33*i - 38*i. Calculate the highest common factor of n and 470.
10
Let k be (-12)/12 + 43/(4/8*2). Suppose -14 = 4*h + 2*o, -4*o = 3*h + 2*h + 22. Let u be -1 + (5 - 0) - h. Calculate the greatest common divisor of u and k.
6
Suppose -40 = -a - 30. Let t be 190/2 - (a + 7/(-1)). What is the greatest common factor of 138 and t?
46
Suppose -6 = -8*v - 38. Let f be (8/(-20)*-5)/(v/62). Let j = -26 - f. What is the highest common divisor of j and 5?
5
Let l(x) = 7*x**2 + 3*x + 6*x**2 - 2*x**2 - 7*x - 4. Let f = 3 - 5. Let m be l(f). Calculate the highest common factor of 16 and m.
16
Let x = -32695 + 32725. Suppose 25 = 3*y + 2*y. What is the highest common divisor of x and y?
5
Let v = -36401 + 36408. Suppose -4*g + 3 = -h + 2, 5*g + 11 = 3*h. Calculate the greatest common divisor of v and h.
7
Let c be (-60)/(-24) + 2/4. Suppose c*f = -0*f - 9, -5*j + 46 = 3*f. Calculate the highest common factor of 1199 and j.
11
Let q(i) = 2*i**3 - i**2 + 30*i + 635. Let g be q(0). What is the highest common factor of g and 15?
5
Let i(y) be the first derivative of -9*y**2/2 + 191*y + 110. Let k be i(-6). Calculate the highest common factor of 35 and k.
35
Let q(y) = 964*y - 2594. Let d be q(11). Calculate the highest common divisor of d and 15.
15
Suppose 2*w = -4*f - w, 0 = -3*f - 2*w. Suppose -84 = 3*i + 2*z, -i - z - 28 = -f*i. Let r be (18/21)/((-2)/i). Calculate the highest common factor of r and 60.
12
Let i = -12 + -101. Let f be 1/(4 + -5) - i. Suppose u = 136 - f. Calculate the highest common divisor of u and 168.
24
Let b(y) = y**3 + y**2 + 36. Let t be b(0). Suppose -62*a = -2315 + 1571. Calculate the greatest common factor of a and t.
12
Let h = -2652 + 2737. What is the highest common divisor of 2635 and h?
85
Let u be -2 + 12 - (-1 + -341 - 26). Let w be 2*((-17)/2)/(-1). Suppose -n + w = -25. What is the highest common divisor of u and n?
42
Let f = -57 + 57. Let n be (3/(-2) + f)*64/16. Let z be 4/(-10) - (n + (-108)/(-30)). What is the greatest common factor of z and 14?
2
Let s(m) = m**2 - 13*m + 19. Let c be s(11). Let a be -5*(-424)/120 + (-4)/c. Calculate the greatest common divisor of 57 and a.
19
Suppose 5*t + w = -w + 240, 4*t - 192 = 2*w. What is the highest common factor of 3624 and t?
24
Suppose -7428 = -26*p + 14048. What is the greatest common factor of 14 and p?
14
Suppose -w + b = 8, -7*w + 2*b - 28 = -2*w. Let d be (36/27)/(w/(-6)). Suppose 70 + 32 = d*v. What is the highest common divisor of v and 34?
17
Let p be ((-202)/30 - (-2)/6)/((-13)/195). Let s = 235 + -159. Let m = s - 44. What is the highest common divisor of p and m?
32
Let m be (6/4)/((-1)/(-26)). Let h be (3937/155)/((-2)/(-10)). Suppose -120*t - 91 = -h*t. What is the greatest common divisor of t and m?
13
Suppose 14 = 8*r - 98. Suppose 4*l - r = 10. Let n(z) = -z**2 + 12*z - 24. Let g be n(l). What is the greatest common divisor of 12 and g?
12
Suppose 10*g - 8*g - 10 = 0. Suppose 12 = g*x - 4*w, -w - 4 = -2*x + 2. Calculate the highest common factor of 2 and x.
2
Let l(w) = -w**3 - 10*w**2 + 11*w + 5. Let v be l(-11). Suppose 2*i - 25 = 3*f, v*i = 4*i - 2*f + 9. What is the highest common factor of i and 11?
11
Let l be 12/((-2)/(-2 + -10)). Suppose 63*k - 2385 = 13*k - 3*k. Calculate the greatest common factor of l and k.
9
Suppose 1621*h - 1457*h = 1394 + 6478. Suppose -2*q = -3*k + q + 225, 5*k - 415 = -3*q. Calculate the highest common factor of k and h.
16
Let z = -3374 - -3465. Calculate the greatest common factor of 630 and z.
7
Let o be (-2)/(1 - 4365/4375). Let f = -863 - o. Let u be 0 + 7 + (-2 - -1). What is the greatest common divisor of f and u?
6
Let y be (-309*88/(-12))/2. Let o(d) = 213*d - 3092. Let s be o(15). Calculate the highest common factor of y and s.
103
Let v(s) = 4*s**2 + 6*s - 16. Suppose 7 = 11*y - 15. Let t be v(y). Calculate the greatest common factor of t and 384.
12
Let w = 28 + -23. Suppose -d + 1 = -w*f, -f + 2*d = -d + 3. Suppose f = j - 11 + 3. What is the highest common divisor of j and 4?
4
Let w be -2 - 0 - 5/(-1). Let a(c) = -2*c - 102. Let h be a(25). Let o be (-32)/6*(h/(-32) + -7). Calculate the greatest common factor of w and o.
3
Let n = -205 + 212. Suppose 16*u - 184 = -n*u. What is the greatest common factor of u and 38?
2
Let b be 6*1 - (-17510)/10. Calculate the greatest common factor of 21 and b.
7
Let q be 4446/10 - ((-27)/5 - (-42 - -36)). Calculate the greatest common divisor of 12 and q.
12
Let l = -70 - -72. Let k be (-6)/(-48) + l/(-16) - -2. Suppose q - 214 = 2*m, k*m = -5*q + 6*m + 1058. What is the greatest common factor of 15 and q?
15
Suppose -3*a = 12*a - 240. Suppose 5*h - 2*w = 27, -a*w - 19 = -h - 19*w. What is the greatest common divisor of h and 14?
7
Suppose i = -3*a + 10, 54*a - 62*a + 3*i + 72 = 0. What is the highest common divisor of a and 27498?
6
Suppose 5*s = 4*t - 333, 0 = 5*t + 4*s - 2*s - 441. Suppose -231 + t = -6*p. Calculate the highest common divisor of 9 and p.
3
Let b be ((-40)/3)/(2/12). Let p = b - -76. Let o(m) = -5*m - 10. Let a be o(p). What is the greatest common factor of 6 and a?
2
Let b be (-30)/(-105) + 2 + (114/42 - 1). Calculate the greatest common divisor of 2994 and b.
2
Suppose 3*x - 120 = 27*x. Let p be 21 + ((x - -4)/(-1))/(-1). What is the greatest common factor of p and 5?
5
Let c be 2/(-3)*(-28*6 - -3). Suppose 88 = -80*z + 84*z. What is the highest common divisor of c and z?
22
Suppose 41*c - 2339 + 251 = 39*c. Calculate the greatest common divisor of 144 and c.
36
Let v be (-108508)/(-36) - (-480)/(-432). What is the highest common factor of 917 and v?
131
Let f(l) = -4*l + 75. Let i be f(18). Suppose 2*v - 2*n - 266 = 0, i*v + 3*n - n - 374 = 0. What is the highest common divisor of 8 and v?
8
Let c(r) be the first derivative of -r**4/4 + 3*r**3 + 10*r**2 + 60*r - 57. Let x be c(11). What is the greatest common divisor of x and 19?
19
Let n(u) = -5*u**3 + 708*u**2 - 419*u + 336. Let g be n(141). Suppose -6*m + 3*m + 90 = 0. Calculate the highest common factor of g and m.
30
Let o = -7 + -69. Let r = o - -76. Suppose r = 14*c - 15*c + 52. Calculate the highest common divisor of c and 130.
26
Let i = 5386 - -1866. Calculate the greatest common divisor of i and 296.
148
Suppose -2 = r - 4, -2*c = 4*r - 6. Let a be c*6/12*-98. Suppose 0 = 3*m - k - 1327, -2*k = -3*m + 3*k + 1343. What is the highest common divisor of m and a?
49
Let k be (-1)/(-13) + (-2700668)/(-2756). What is the highest common divisor of k and 154?
14
Let t be 10*-1 + 0 - 84/14. Let z(y) = y**3 + 14*y**2 - 31*y + 54. Let j be z(t). What is the highest common factor of j and 361?
19
Let m be (-52)/(-6 + 1632/276). What is the greatest common divisor of m and 460?
46
Suppose -11 = 9*c - 38. Suppose 5*d - 3*n - 101 = 0, 0*d - 5*d + 119 = c*n. Calculate the greatest common divisor of d and 22.
22
Let p 